{"id":269,"date":"2022-03-04T16:56:15","date_gmt":"2022-03-04T15:56:15","guid":{"rendered":"https:\/\/maths.ec44.fr\/?page_id=269"},"modified":"2022-03-04T16:56:16","modified_gmt":"2022-03-04T15:56:16","slug":"lespace-c1","status":"publish","type":"page","link":"https:\/\/maths.ec44.fr\/?page_id=269","title":{"rendered":"L&#8217;espace &#8211; C1"},"content":{"rendered":"<div id=\"pl-269\"  class=\"panel-layout\" >\n<div id=\"pg-269-0\"  class=\"panel-grid panel-no-style\"  data-style=\"{&quot;background_display&quot;:&quot;tile&quot;,&quot;cell_alignment&quot;:&quot;flex-start&quot;}\" >\n<div id=\"pgc-269-0-0\"  class=\"panel-grid-cell\"  data-weight=\"0.5\" >\n<div id=\"panel-269-0-0-0\" class=\"so-panel widget widget_sow-editor panel-first-child panel-last-child\" data-index=\"0\" data-style=\"{&quot;widget_css&quot;:&quot;border: 1px solid #E0E0E0; padding: 10px; box-shadow: 2px 2px 4px #aaa; text-align: center;&quot;,&quot;background&quot;:&quot;#ffffff&quot;,&quot;background_display&quot;:&quot;tile&quot;}\" >\n<div class=\"panel-widget-style panel-widget-style-for-269-0-0-0\" >\n<div class=\"so-widget-sow-editor so-widget-sow-editor-base\">\n<h3 class=\"widget-title\">L&#8217;abaque<\/h3>\n<div class=\"siteorigin-widget-tinymce textwidget\">\n<p>Utilisation de l&#8217;abaque pour construire le nombre<br \/> <iframe loading=\"lazy\" src=\"https:\/\/www.youtube.com\/embed\/X6rxpWco3FI?rel=0\" width=\"560\" height=\"315\" frameborder=\"0\" allowfullscreen=\"allowfullscreen\"><\/iframe><\/p>\n<\/div>\n<\/div>\n<\/div>\n<\/div>\n<\/div>\n<div id=\"pgc-269-0-1\"  class=\"panel-grid-cell\"  data-weight=\"0.5\" >\n<div id=\"panel-269-0-1-0\" class=\"so-panel widget widget_sow-editor panel-first-child panel-last-child\" data-index=\"1\" data-style=\"{&quot;widget_css&quot;:&quot;border: 1px solid #E0E0E0; padding: 10px; box-shadow: 2px 2px 4px #aaa; text-align: center;&quot;,&quot;background&quot;:&quot;#ffffff&quot;,&quot;background_display&quot;:&quot;tile&quot;}\" >\n<div class=\"panel-widget-style panel-widget-style-for-269-0-1-0\" >\n<div class=\"so-widget-sow-editor so-widget-sow-editor-base\">\n<h3 class=\"widget-title\">Le boulier<\/h3>\n<div class=\"siteorigin-widget-tinymce textwidget\">\n<p>Utilisation du boulier pour construire le nombre<br \/> <iframe loading=\"lazy\" src=\"https:\/\/www.youtube.com\/embed\/5FeHsOH3t8c?rel=0\" width=\"560\" height=\"315\" frameborder=\"0\" allowfullscreen=\"allowfullscreen\"><\/iframe><\/p>\n<\/div>\n<\/div>\n<\/div>\n<\/div>\n<\/div>\n<\/div>\n<div id=\"pg-269-1\"  class=\"panel-grid panel-no-style\"  data-style=\"{&quot;background_display&quot;:&quot;tile&quot;,&quot;cell_alignment&quot;:&quot;flex-start&quot;}\" >\n<div id=\"pgc-269-1-0\"  class=\"panel-grid-cell\"  data-weight=\"0.5\" >\n<div id=\"panel-269-1-0-0\" class=\"so-panel widget widget_sow-editor panel-first-child panel-last-child\" data-index=\"2\" data-style=\"{&quot;widget_css&quot;:&quot;border: 1px solid #E0E0E0; padding: 10px; box-shadow: 2px 2px 4px #aaa; text-align: center;&quot;,&quot;background&quot;:&quot;#ffffff&quot;,&quot;background_display&quot;:&quot;tile&quot;}\" >\n<div class=\"panel-widget-style panel-widget-style-for-269-1-0-0\" >\n<div class=\"so-widget-sow-editor so-widget-sow-editor-base\">\n<h3 class=\"widget-title\">Le journal du nombre CP<\/h3>\n<div class=\"siteorigin-widget-tinymce textwidget\">\n<p>La trace personnelle de l&#8217;\u00e9l\u00e8ve au service de la construction du nombre<\/p>\n<iframe src=\"\/\/docs.google.com\/viewer?url=https%3A%2F%2Fmaths.ec44.fr%2Fwp-content%2Fuploads%2F2017%2F06%2FLe-journal-du-nombre_classe-de-Cp.pdf&hl=fr&embedded=true\" class=\"gde-frame\" style=\"width:100%; height:200px; border: none;\" scrolling=\"no\"><\/iframe>\n<p class=\"gde-text\"><a href=\"https:\/\/maths.ec44.fr\/wp-content\/uploads\/2017\/06\/Le-journal-du-nombre_classe-de-Cp.pdf\" class=\"gde-link\">T\u00e9l\u00e9charger<\/a><\/p>\n<\/div>\n<\/div>\n<\/div>\n<\/div>\n<\/div>\n<div id=\"pgc-269-1-1\"  class=\"panel-grid-cell\"  data-weight=\"0.5\" >\n<div id=\"panel-269-1-1-0\" class=\"so-panel widget widget_sow-editor panel-first-child panel-last-child\" data-index=\"3\" data-style=\"{&quot;widget_css&quot;:&quot;border: 1px solid #E0E0E0; padding: 10px; box-shadow: 2px 2px 4px #aaa; text-align: center;&quot;,&quot;background&quot;:&quot;#ffffff&quot;,&quot;background_image_attachment&quot;:false,&quot;background_display&quot;:&quot;tile&quot;}\" >\n<div class=\"panel-widget-style panel-widget-style-for-269-1-1-0\" >\n<div class=\"so-widget-sow-editor so-widget-sow-editor-base\">\n<h3 class=\"widget-title\">Du cycle 2 au cycle 3<\/h3>\n<div class=\"siteorigin-widget-tinymce textwidget\">\n<p>Techniques \u00e0 privil\u00e9gier pour construire le nombre<\/p>\n<p>\u00a0<\/p>\n<iframe src=\"\/\/docs.google.com\/viewer?url=https%3A%2F%2Fmaths.ec44.fr%2Fwp-content%2Fuploads%2F2017%2F06%2Ftechniques-C2-C3.pdf&hl=fr&embedded=true\" class=\"gde-frame\" style=\"width:100%; height:200px; border: none;\" scrolling=\"no\"><\/iframe>\n<p class=\"gde-text\"><a href=\"https:\/\/maths.ec44.fr\/wp-content\/uploads\/2017\/06\/techniques-C2-C3.pdf\" class=\"gde-link\">T\u00e9l\u00e9charger<\/a><\/p>\n<\/div>\n<\/div>\n<\/div>\n<\/div>\n<\/div>\n<\/div>\n<\/div>\n","protected":false},"excerpt":{"rendered":"<p>L&#8217;abaque Utilisation de l&#8217;abaque pour construire le nombre Le boulier Utilisation du boulier pour construire le nombre Le journal du nombre CP La trace personnelle de l&#8217;\u00e9l\u00e8ve au service de la construction du nombre Du cycle 2 au cycle 3 Techniques \u00e0 privil\u00e9gier pour construire le nombre \u00a0<\/p>\n<p class=\"continue-reading-button\"> <a class=\"continue-reading-link\" href=\"https:\/\/maths.ec44.fr\/?page_id=269\">Continue reading<i class=\"crycon-right-dir\"><\/i><\/a><\/p>\n","protected":false},"author":1,"featured_media":0,"parent":0,"menu_order":0,"comment_status":"closed","ping_status":"closed","template":"","meta":[],"_links":{"self":[{"href":"https:\/\/maths.ec44.fr\/index.php?rest_route=\/wp\/v2\/pages\/269"}],"collection":[{"href":"https:\/\/maths.ec44.fr\/index.php?rest_route=\/wp\/v2\/pages"}],"about":[{"href":"https:\/\/maths.ec44.fr\/index.php?rest_route=\/wp\/v2\/types\/page"}],"author":[{"embeddable":true,"href":"https:\/\/maths.ec44.fr\/index.php?rest_route=\/wp\/v2\/users\/1"}],"replies":[{"embeddable":true,"href":"https:\/\/maths.ec44.fr\/index.php?rest_route=%2Fwp%2Fv2%2Fcomments&post=269"}],"version-history":[{"count":1,"href":"https:\/\/maths.ec44.fr\/index.php?rest_route=\/wp\/v2\/pages\/269\/revisions"}],"predecessor-version":[{"id":270,"href":"https:\/\/maths.ec44.fr\/index.php?rest_route=\/wp\/v2\/pages\/269\/revisions\/270"}],"wp:attachment":[{"href":"https:\/\/maths.ec44.fr\/index.php?rest_route=%2Fwp%2Fv2%2Fmedia&parent=269"}],"curies":[{"name":"wp","href":"https:\/\/api.w.org\/{rel}","templated":true}]}}